l be (13/3 + -4)*42. What is the highest common divisor of 14 and l?
14
Let m be 1/2 + 1404/8. Let f be 126/8 + 1/4. What is the highest common divisor of m and f?
16
Let s be 4/(-14) - (-30)/7. Suppose -5*l - 1824 = -s*w, 4*l = -4*w - 0*l + 1788. Suppose 0 = 4*y - 89 - w. Calculate the greatest common factor of 15 and y.
15
Let o be (1/(-2))/((-6)/216). Let h be 644/o + (-4)/(-18). Calculate the highest common factor of 12 and h.
12
Let o(g) = g**3 + 11*g**2 + 4*g - 8. Let r be o(-7). Calculate the greatest common factor of r and 64.
32
Suppose 0 = -10*q + 4*q + 1254. What is the greatest common divisor of 19 and q?
19
Let o be 0/(2*(-1 + 2)). Suppose o = c + 2*y - 10, -3*c + 3*y + 30 = -2*c. What is the greatest common divisor of 144 and c?
18
Let o(c) be the third derivative of 11*c**4/24 + 2*c**3/3 - c**2. Let j be o(6). What is the greatest common factor of 14 and j?
14
Let h be 1/3 - 8/6. Let m be (h - 2)*(-22)/6. Suppose 0 = 2*r - 2*f - 2, 0 = 4*r + 2*f + 2*f - 4. What is the highest common factor of r and m?
1
Let k be 10/(-4)*10/1. Let h = -15 - k. What is the greatest common factor of h and 25?
5
Let w = 100 - 52. Calculate the greatest common factor of w and 16.
16
Let v be (-1872)/(-20) - (-9)/(-15). Let w be 1 - (3 - (0 + v)). Calculate the highest common factor of 13 and w.
13
Suppose 0 = f - 2*y - 51, 5*f - f + 5*y = 269. Suppose -3*x - u + 80 = 0, -4*u = -5*x + 61 + f. What is the highest common factor of x and 39?
13
Suppose n - 35 = 85. Suppose 0 = g - 2*g + 4*s + n, 3*g - 4*s - 392 = 0. Calculate the greatest common factor of 17 and g.
17
Let v be (153/(-4))/(4/(-16)). Suppose 5*k + 4*m - 44 - 21 = 0, -4*k - m + 63 = 0. What is the highest common divisor of v and k?
17
Let l(s) = 4*s**2 - 9*s - 22. Let n be l(-2). What is the highest common divisor of n and 12?
12
Let i be -6*(-3)/2 + 1. Calculate the highest common divisor of 2 and i.
2
Suppose 0 = 4*p + 2*g - g - 10, g = 3*p - 11. Let a be 0/(-2 + 1 + 0). Suppose a*i = p*i - 36. What is the greatest common factor of i and 60?
12
Suppose -7*i + 1309 = 497. Calculate the greatest common divisor of i and 4.
4
Suppose 4*b - 61 = 59. Calculate the highest common factor of b and 10.
10
Let b = 2 + 1. Suppose 2*w = -b*w + 130. Calculate the greatest common factor of 39 and w.
13
Suppose -4*y + 0*f - 3*f = -23, 2*f = 5*y. Suppose -2*p - 4 + 6 = 0. Calculate the highest common divisor of p and y.
1
Suppose 2*b - 6 = 2. Suppose 15 = b*r - 1. Suppose r*j - 28 - 112 = 0. What is the greatest common divisor of j and 5?
5
Let w(r) = r**3 + 16*r**2 + 17*r + 34. Let c be w(-15). Calculate the highest common divisor of c and 12.
4
Let u be -1 + (-2 - -4) + 15. Calculate the greatest common divisor of u and 16.
16
Let b be 45/5 - 3/1. Calculate the greatest common divisor of b and 18.
6
Let h(s) = -2*s + 4. Let f be h(7). Let l = f + 13. Suppose -c + 6*c = -l*q + 57, 3*c + 5 = q. Calculate the greatest common factor of 42 and q.
14
Let h(k) = -k**3 - 4*k**2 + 3*k - 6. Let o be h(-5). Suppose -30 = -o*s + 618. What is the greatest common factor of s and 18?
18
Let o(k) = 39*k + 10. Let n(j) = 13*j + 3. Let c(z) = 7*n(z) - 2*o(z). Let l be c(3). Calculate the greatest common divisor of l and 5.
5
Let d be ((-16)/(-5) - 2)*15/3. What is the highest common factor of 174 and d?
6
Let h = 2 - 1. Suppose -3*f + 22 = h. Let c = -36 + 64. Calculate the highest common factor of c and f.
7
Let m be (4/6)/((-8)/(-180)). Let r be 2/(-3) - 2/(-3). Suppose r = b - 2*t - 40, -3*b = -b + 4*t - 40. What is the highest common factor of m and b?
15
Suppose -9 = -h + 6. What is the greatest common factor of 30 and h?
15
Let x = -3 - -5. Suppose 0*f + 32 = x*f. What is the greatest common factor of f and 128?
16
Let f be 4 + 3 + -11 - 115*-1. Calculate the highest common divisor of 74 and f.
37
Let g be 6/1*20/3. What is the greatest common divisor of 60 and g?
20
Let c = -35 + 51. Calculate the highest common divisor of 64 and c.
16
Suppose r = -3*r + 80. Calculate the greatest common factor of r and 220.
20
Suppose -4*a = -0*j - 5*j - 36, 2*a - 5*j = 28. Let y(r) = -8*r**3 + r**2 - 1. Let k be y(-1). Calculate the highest common factor of a and k.
4
Let f(z) = z + 18. Let r be f(-14). Suppose -2*s - 1 + 9 = 0, -r*j + 32 = 4*s. Calculate the greatest common factor of j and 4.
4
Let d = -1 - -6. Let q be d + -7 - (-52)/2. Let c be -1 + 3 + -2 + 12. Calculate the highest common divisor of c and q.
12
Suppose -18*t + 1034 = -82. What is the highest common divisor of t and 217?
31
Let h(f) = -f - 1. Let n be 36/(-2) - 1/1. Let x = n - -12. Let p be h(x). Calculate the greatest common divisor of p and 66.
6
Suppose 0 = -5*z - k - 3, -2*z + 0 = k + 3. Let l(n) = n**3 + n**2 - n + 7. Let c be l(z). Let y = 34 - c. Calculate the highest common divisor of y and 3.
3
Suppose -3*l + 3 + 3 = 0, -2*o - 3*l = -188. Let j be -32*(1 - (-3)/(-2)). Let m be j - 3 - 0/(-2). Calculate the greatest common divisor of o and m.
13
Suppose 0 = -3*x - 2*x. Suppose -2*w + w + 90 = x. What is the highest common divisor of 15 and w?
15
Let y be 2/(1 - 2) - -11. Let a = -5 + y. Suppose a*j - 104 = -32. What is the highest common factor of 27 and j?
9
Let y be (-2)/(-4) - 83/(-2). Let a be 3/(-4)*(2 - y). Suppose -3*x + 38 - 2 = 0. Calculate the greatest common divisor of a and x.
6
Let u(k) = -51*k + 19. Let z be u(-6). Suppose 5*w - 37 = 3*v + 268, 5*w = -v + z. What is the greatest common divisor of w and 8?
8
Let s(v) = -2*v - 6. Let z be s(-8). Suppose 0 = m - j - 80, -3*m + 0*m = 4*j - 240. What is the highest common factor of z and m?
10
Suppose t + 38 + 3 = 0. Let d = t + 62. Suppose -2*h = 3*j + 2*j - 29, 0 = -j - 4*h - 5. Calculate the greatest common divisor of j and d.
7
Suppose 4*o = o + 12. Let m = 3 + -5. Let x = m - -3. What is the greatest common divisor of o and x?
1
Let f = 68 + -40. Calculate the greatest common factor of f and 70.
14
Let x(j) = j + 6. Let d be x(-5). Let m be (3/(-9))/(d/(-15)). Calculate the highest common divisor of m and 50.
5
Let f be (-34 - -1) + (-1 - 0). Let o be f/4*(0 + -10). Let h(s) = 3*s**2 - 5*s + 6. Let g be h(4). What is the highest common factor of g and o?
17
Let n = 9 - 4. Suppose 8 - 208 = -n*i. Calculate the highest common factor of 16 and i.
8
Let w be 18/8*1 - 1/4. Calculate the highest common divisor of w and 54.
2
Suppose 4*d + 0 = -4. Let b be d/(61/(-20) - -3). Calculate the greatest common factor of 30 and b.
10
Let x(i) be the second derivative of -26*i**3/3 - 2*i**2 + 5*i. Let g be x(-3). Calculate the highest common factor of 19 and g.
19
Let l be (35/15 + 1)*18. Suppose d = 19 + 5. What is the highest common divisor of d and l?
12
Let d(t) = -4*t + 1. Let f be d(-5). Calculate the highest common divisor of 7 and f.
7
Let n be 12/(-2)*4/(-6). Let q be (n/(-5))/(2/(-10)). Let b = 2 - -2. Calculate the highest common factor of b and q.
4
Let t(y) = -y**3 - 4*y**2 + y - 2. Suppose -18 = -2*r + 5*r. Let v be t(r). What is the greatest common divisor of 8 and v?
8
Let z(j) = 10*j - 1. Let c = -3 - -7. Let l be z(c). Suppose 5*a = l + 21. What is the highest common divisor of a and 24?
12
Let a(f) = -f**2 + 0*f - f + 11*f. Let p be a(8). What is the greatest common factor of 16 and p?
16
Suppose -128 = -13*q + 5*q. What is the greatest common divisor of 64 and q?
16
Suppose 2*x + 4*u = -0*u + 44, x - 3*u = 27. Calculate the greatest common divisor of x and 4.
4
Suppose -161 = -98*i + 91*i. What is the highest common factor of i and 253?
23
Suppose -5*s = -0*s - 5. Calculate the greatest common factor of s and 9.
1
Let i = 50 + 139. What is the highest common factor of i and 27?
27
Let t = -14 - -21. What is the greatest common factor of 56 and t?
7
Let o be 3/(-4 - -1)*-17. Suppose 73 = 3*k - 4*n + 24, k - 2*n - o = 0. Suppose -k = 5*l, i + 2*l + 230 = 5*i. Calculate the highest common factor of 7 and i.
7
Let l = -110 - -158. Calculate the highest common divisor of 6 and l.
6
Let x be (-2 - -8) + (0 - 1). Suppose 0 = -2*l - y + 89, 0 = 2*l + 3*l + x*y - 225. What is the highest common factor of 66 and l?
22
Suppose -4*b + 3 = -b. Let t = b - -9. Suppose -119 - 81 = -5*w. Calculate the highest common divisor of t and w.
10
Suppose -8*t + 4*u = -3*t - 45, 10 = 3*t + u. Let j(g